6. Suppose -4*d + 8*d = w. Suppose 0 = -d*o - 2 + 14. Calculate the remainder when o is divided by 2.
1
Let g = -22 - -54. Suppose -n - g = n. What is the remainder when n*((1 - 2) + -1) is divided by 11?
10
Let u(m) = 121*m + 1. Let s be u(9). Let q be s/25 - (-4)/10. Suppose -q = -3*x + 40. Calculate the remainder when x is divided by 15.
13
Suppose -5*n + 54 = -1. Suppose -l + 30 = -n. What is the remainder when l is divided by 8/20 - 136/(-10)?
13
Suppose 14 = 5*b - 11. Suppose 0 = 2*x - b*x + 63. What is the remainder when 61 is divided by x?
19
Let s(m) = m - 3. Let u be s(0). Let g = u - -21. Suppose -5*h + g = -o, 2*h = -h + o + 10. Calculate the remainder when 11 is divided by h.
3
Let l = 5 + -1. Suppose -20 = -4*x - 4*y, -l*x + 32 = 2*y - 4*y. Suppose -9 = -4*g + 67. What is the remainder when g is divided by x?
5
Suppose 0*m - m = -1. Suppose 5*i - 5 = -3*p + m, i - 12 = 3*p. Calculate the remainder when i is divided by 2.
1
Suppose -2*d - 3*g + 37 = -6*d, 4*g = -4*d - 16. Let o be ((-108)/(-30))/(2/(-10)). Let v = d - o. Calculate the remainder when 30 is divided by v.
8
Suppose 5*x - 42 = -2. Suppose 2*d = 2*h + x, 2*d = 6*d - 3*h - 19. What is the remainder when d is divided by 3?
1
Suppose -2*a = -3*h - 0*a + 31, 14 = 2*h + 2*a. Suppose b - h = -0*b. What is the remainder when 25 is divided by b?
7
Let q = 79 + -54. Let n = -121 - -194. Calculate the remainder when n is divided by q.
23
Suppose 0 = 27*k - 29*k + 282. Calculate the remainder when k is divided by 36.
33
Let h be (-18)/24 - (-11)/4. Suppose 0 = -x - h*u + 9, -u + 12 = 2*x - 12. Calculate the remainder when 51 is divided by x.
12
Let k(g) = 3*g - 5. Let d = 2 - 2. Let s = d - -6. What is the remainder when k(7) is divided by s?
4
Suppose -29 = j + 2. Let u = j - -53. Calculate the remainder when u is divided by 8.
6
Suppose -4*d = -12, -d - 33 = -3*r - 9. Suppose 0 = 4*q - 3 - 9. Suppose 2*k - 50 = -q*g + 7*g, 100 = 4*k - 2*g. What is the remainder when k is divided by r?
7
Calculate the remainder when 71 is divided by (2 + -4)*-10 - 0.
11
Suppose -6*i + 36 = -3*i. What is the remainder when 20 is divided by i?
8
Calculate the remainder when 38 is divided by 7*-1*(-30)/21.
8
Suppose 9*z = 12 - 3. Calculate the remainder when 3 is divided by z.
0
Let l = -22 - -54. Suppose l = -3*w + 89. Let d(o) = -2*o + 2. What is the remainder when w is divided by d(-4)?
9
Suppose 43 = 2*f + 11. Suppose 3*w - 107 + 14 = 0. Calculate the remainder when w is divided by f.
15
Let k(p) = 2*p + 6. What is the remainder when k(10) is divided by 16?
10
Suppose v = 5*v - 5*w + 45, 0 = -v + 5*w. Let i = -3 - v. Suppose -1 = g - i. What is the remainder when 21 is divided by g?
10
Suppose 0 = -3*q + p - 16, -6*q + q - 4*p = 4. Let n(f) = -4*f - 3. Calculate the remainder when 38 is divided by n(q).
12
What is the remainder when 13 is divided by -3*(6/(-3) - -1)?
1
Calculate the remainder when ((-99)/(-18))/((-1)/(-20)) is divided by 14.
12
Let o = 15 + -9. Let g(b) = -b**2 + 6*b + 4. Let r be g(o). Suppose 54 = 2*f - 4*k, r*k + 104 = 6*f - 2*f. What is the remainder when f is divided by 14?
11
Suppose -3*t = -162 + 63. Calculate the remainder when t is divided by 9.
6
Let z = -7 + 12. Calculate the remainder when (-248)/(-14) - (-8)/28 is divided by z.
3
Suppose -3*f + 18 = 5*w, -3*f + 2 = -5*w + 14. What is the remainder when 14 is divided by w?
2
Let t(g) = 143*g. Let b be t(1). Suppose 18 - b = -5*u. Let d(r) = r**3 + 9*r**2 + 5*r - 11. Calculate the remainder when u is divided by d(-8).
12
Let v = 32 + -8. What is the remainder when 46 is divided by v?
22
Let d(x) = 7*x**2 - x. Let n be d(1). Suppose -3*c + 8 = -4. What is the remainder when c is divided by ((-10)/n + 2)*6?
0
What is the remainder when 26 is divided by (-20)/(-2) - (-1 + 2)?
8
Let t(o) = 20*o**3 - o**2 - o + 1. Let f(r) = -4*r - 1. What is the remainder when t(1) is divided by f(-2)?
5
Calculate the remainder when 34 is divided by (5 - 1)/4 + 11.
10
Let j(t) = -3*t - 1. Let k be j(-2). Suppose 5*f - 5*x - 155 = 0, f - k*x = -3*f + 125. Calculate the remainder when f is divided by 16.
14
Let f(y) = y**2 - 11*y + 18. Calculate the remainder when (-6)/(-9) + (-109)/(-3) is divided by f(10).
5
Suppose -h + 15 = 4*l, 6*l - 1 = h + 2*l. Calculate the remainder when h is divided by 6.
1
Suppose 2*m - 5 = 3. Suppose 15 = -m*r - 5. What is the remainder when (-4)/(-20) - 49/r is divided by 6?
4
Let l(c) = c**3 + 5*c**2 + 4*c + 4. What is the remainder when 13 is divided by l(-4)?
1
Suppose -144 = -15*b + 14*b. Calculate the remainder when b is divided by 29.
28
Suppose 3*o + 2*o - 5 = 0. What is the remainder when 3 is divided by o?
0
Suppose -3*d = d. Suppose -2*t + 6*t - 32 = d. What is the remainder when 15 is divided by t?
7
Let v = -250 + 507. What is the remainder when v is divided by 65?
62
Let z = -4 - -6. Suppose -z*h + 33 - 5 = 0. Calculate the remainder when 41 is divided by h.
13
Let u = 3 - 2. Let w = -54 - -55. Calculate the remainder when u is divided by w.
0
Let b = 5 - 4. Suppose 19 + 7 = 5*v + 4*i, 0 = 4*v + 3*i - 20. Calculate the remainder when v is divided by b.
0
Let a = 217 - 171. Suppose -i - 79 = -5*n, -8*n - 3*i = -4*n - 67. What is the remainder when a is divided by n?
14
Let l be (-1)/(-6) - (-1131)/18. Suppose -l = -m - 2*m. Calculate the remainder when m is divided by 11.
10
Let b = -18 - -27. Suppose -47 = -3*r + 4. Suppose 0 = -h - 0 + r. Calculate the remainder when h is divided by b.
8
Let d be (444/15)/(1/5). Let s be (-8)/12 - d/(-6). Suppose b = 4*b - s. Calculate the remainder when b is divided by 5.
3
Let v = 15 + -5. Calculate the remainder when 47 is divided by v.
7
Let i = 276 + -223. Let n be (-11 - -1)*(-2)/1. Suppose b - n = -2. Calculate the remainder when i is divided by b.
17
Suppose 2*c - 4 - 26 = 0. Calculate the remainder when 29 is divided by c.
14
Suppose -7 = 2*u - 4*t - 3, -17 = 4*u - 5*t. Let x = u - -5. Let n = x + 25. What is the remainder when n is divided by 12?
10
Let s be ((-28)/(-5))/(14/1015). Calculate the remainder when s/21 - 4/(-6) is divided by 7.
6
Suppose -4*v = -g - 397, 337 - 22 = 3*v + 5*g. Suppose 6*d - v = 2*d. Calculate the remainder when d is divided by 7.
4
Let g = -13 - -10. Let x(v) = -v**3 + 2*v**2 + 3*v - 4. What is the remainder when x(g) is divided by 11?
10
Let m(l) = -2*l + 8. What is the remainder when m(-6) is divided by (14/3)/2*3?
6
Suppose -50 = 9*w - 176. Calculate the remainder when -1 + (27 + -1 - -2) is divided by w.
13
Let g = 6 + -10. Let o = 4 + g. Suppose 8 = -2*k, l + 2*k - 2 - 5 = o. Calculate the remainder when 29 is divided by l.
14
Let j(l) = l**3 - 9*l**2 + l + 2. Calculate the remainder when 30 is divided by j(9).
8
Let m = -96 + 61. Calculate the remainder when ((-28)/m)/(4/30) is divided by 3.
0
Suppose -24 = 5*x + 4*c - 211, -5*x + 5*c + 160 = 0. What is the remainder when 67 is divided by x?
32
What is the remainder when (-4 - -4) + (35 - -3) is divided by (-2 - -2) + 2 + 18?
18
Let j = -41 - -66. Calculate the remainder when 47 is divided by j.
22
Let w(p) = p - 11. Let d be w(11). Suppose 3*m - 33 = -3*b, -3*b + 38 = -d*b - 2*m. What is the remainder when 50 is divided by (b - -1) + (1 - 1)?
11
Suppose -2*v + 4*v = 5*w + 75, 0 = -5*w - 25. Calculate the remainder when v is divided by 9.
7
Let x(b) = b**2 + 16*b + 1. What is the remainder when 2 is divided by x(-16)?
0
Let m(c) = c. Let i be m(2). Suppose 0*x = i*x + 4*g - 38, -4*x + 51 = 3*g. Calculate the remainder when 24 is divided by x.
6
Let s = 18 + 5. What is the remainder when s is divided by 14?
9
Let c = 74 + -53. Calculate the remainder when (330/c)/((-2)/(-14)) is divided by 28.
26
Suppose 2*g - 20 = -2*q, 4*q + g + 15 - 67 = 0. What is the remainder when q is divided by 4?
2
Let w(b) = -44*b**3 + b**2 - b - 1. What is the remainder when w(-1) is divided by 23?
22
Let l(k) = 5*k - 8. What is the remainder when 34 is divided by l(4)?
10
Suppose -3*q - 3 = -6. Calculate the remainder when (24/9)/(q/15) is divided by 21.
19
Let k be 1/2 + 27/6. Suppose -3*v + k + 2 = i, 0 = -i - v + 7. What is the remainder when 18 is divided by i?
4
Suppose 2*y - 5*s = -0*s - 21, -3*s = 4*y - 23. Suppose 0 = -p + y + 1. What is the remainder when p is divided by 1?
0
L